{"id":621,"date":"2019-04-17T10:04:40","date_gmt":"2019-04-17T10:04:40","guid":{"rendered":"https:\/\/websitedemos.net\/life-coach-sara-john\/?page_id=621"},"modified":"2023-02-01T21:42:58","modified_gmt":"2023-02-01T20:42:58","slug":"about","status":"publish","type":"page","link":"https:\/\/martina.vagacova.sk\/?page_id=621","title":{"rendered":"O mne"},"content":{"rendered":"\t\t<div data-elementor-type=\"wp-post\" data-elementor-id=\"621\" class=\"elementor elementor-621\" data-elementor-settings=\"[]\">\n\t\t\t\t\t\t<div class=\"elementor-inner\">\n\t\t\t\t\t\t\t<div class=\"elementor-section-wrap\">\n\t\t\t\t\t\t\t<section class=\"elementor-section elementor-top-section elementor-element elementor-element-13a93292 elementor-section-boxed elementor-section-height-default elementor-section-height-default\" data-id=\"13a93292\" data-element_type=\"section\" data-settings=\"{&quot;background_background&quot;:&quot;classic&quot;}\">\n\t\t\t\t\t\t\t<div class=\"elementor-background-overlay\"><\/div>\n\t\t\t\t\t\t\t<div class=\"elementor-container elementor-column-gap-default\">\n\t\t\t\t\t\t\t<div class=\"elementor-row\">\n\t\t\t\t\t<div class=\"elementor-column elementor-col-100 elementor-top-column elementor-element elementor-element-25748b2d\" data-id=\"25748b2d\" data-element_type=\"column\">\n\t\t\t<div class=\"elementor-column-wrap elementor-element-populated\">\n\t\t\t\t\t\t\t<div class=\"elementor-widget-wrap\">\n\t\t\t\t\t\t<div class=\"elementor-element elementor-element-1dca66c4 elementor-widget-divider--view-line elementor-widget elementor-widget-divider\" data-id=\"1dca66c4\" data-element_type=\"widget\" data-widget_type=\"divider.default\">\n\t\t\t\t<div class=\"elementor-widget-container\">\n\t\t\t\t\t<div class=\"elementor-divider\">\n\t\t\t<span class=\"elementor-divider-separator\">\n\t\t\t\t\t\t<\/span>\n\t\t<\/div>\n\t\t\t\t<\/div>\n\t\t\t\t<\/div>\n\t\t\t\t<div class=\"elementor-element elementor-element-253d822f elementor-widget elementor-widget-heading\" data-id=\"253d822f\" data-element_type=\"widget\" data-widget_type=\"heading.default\">\n\t\t\t\t<div class=\"elementor-widget-container\">\n\t\t\t<h1 class=\"elementor-heading-title elementor-size-default\">Nie\u010do o mne <\/h1>\t\t<\/div>\n\t\t\t\t<\/div>\n\t\t\t\t\t\t<\/div>\n\t\t\t\t\t<\/div>\n\t\t<\/div>\n\t\t\t\t\t\t\t\t<\/div>\n\t\t\t\t\t<\/div>\n\t\t<\/section>\n\t\t\t\t<section class=\"elementor-section elementor-top-section elementor-element elementor-element-758d8c04 elementor-section-boxed elementor-section-height-default elementor-section-height-default\" data-id=\"758d8c04\" data-element_type=\"section\">\n\t\t\t\t\t\t<div class=\"elementor-container elementor-column-gap-wide\">\n\t\t\t\t\t\t\t<div class=\"elementor-row\">\n\t\t\t\t\t<div class=\"elementor-column elementor-col-33 elementor-top-column elementor-element elementor-element-43ba58ae\" data-id=\"43ba58ae\" data-element_type=\"column\">\n\t\t\t<div class=\"elementor-column-wrap elementor-element-populated\">\n\t\t\t\t\t\t\t<div class=\"elementor-widget-wrap\">\n\t\t\t\t\t\t<div class=\"elementor-element elementor-element-82f9958 elementor-widget elementor-widget-image\" data-id=\"82f9958\" data-element_type=\"widget\" data-widget_type=\"image.default\">\n\t\t\t\t<div class=\"elementor-widget-container\">\n\t\t\t\t\t\t\t\t<div class=\"elementor-image\">\n\t\t\t\t\t\t\t\t\t\t\t\t<img loading=\"lazy\" decoding=\"async\" width=\"683\" height=\"1024\" src=\"https:\/\/martina.vagacova.sk\/wp-content\/uploads\/2019\/11\/IMG_2147U-683x1024.jpg\" class=\"attachment-large size-large\" alt=\"\" srcset=\"https:\/\/martina.vagacova.sk\/wp-content\/uploads\/2019\/11\/IMG_2147U.jpg 683w, https:\/\/martina.vagacova.sk\/wp-content\/uploads\/2019\/11\/IMG_2147U-200x300.jpg 200w, https:\/\/martina.vagacova.sk\/wp-content\/uploads\/2019\/11\/IMG_2147U-600x900.jpg 600w\" sizes=\"auto, (max-width: 683px) 100vw, 683px\" \/>\t\t\t\t\t\t\t\t\t\t\t\t\t\t<\/div>\n\t\t\t\t\t\t<\/div>\n\t\t\t\t<\/div>\n\t\t\t\t\t\t<\/div>\n\t\t\t\t\t<\/div>\n\t\t<\/div>\n\t\t\t\t<div class=\"elementor-column elementor-col-66 elementor-top-column elementor-element elementor-element-15249d1d\" data-id=\"15249d1d\" data-element_type=\"column\">\n\t\t\t<div class=\"elementor-column-wrap elementor-element-populated\">\n\t\t\t\t\t\t\t<div class=\"elementor-widget-wrap\">\n\t\t\t\t\t\t<div class=\"elementor-element elementor-element-13a9b180 elementor-widget elementor-widget-text-editor\" data-id=\"13a9b180\" data-element_type=\"widget\" data-widget_type=\"text-editor.default\">\n\t\t\t\t<div class=\"elementor-widget-container\">\n\t\t\t\t\t\t\t\t<div class=\"elementor-text-editor elementor-clearfix\">\n\t\t\t\t\t<p><span style=\"font-size: 18pt;\"><strong>RNDr. Martina Vaga\u010dov\u00e1, rodi\u010dovsk\u00e1 a v\u00fdchovn\u00e1 poradky\u0148a<\/strong><\/span><\/p><p>Som rodi\u010dovsk\u00e1 a v\u00fdchovn\u00e1 poradky\u0148a, a u\u017e viac ako 10 rokov sa venujem rodi\u010dom, vychov\u00e1vate\u013eom a pedag\u00f3gom. Vytv\u00e1ram priestor a pr\u00edle\u017eitosti pre u\u010denie, zdie\u013eanie a praktick\u00fd rozvoj postojov a zru\u010dnost\u00ed potrebn\u00fdch pre harmonick\u00fd vz\u0165ah dospel\u00e9ho a die\u0165a\u0165a.\u00a0<\/p><p>Vych\u00e1dzam z adlerovsk\u00fdch princ\u00edpov <strong>individu\u00e1lnej psychol\u00f3gie<\/strong>, konkr\u00e9tne cez program <strong>Efekt\u00edvneho rodi\u010dovstva<\/strong>. Ide o overen\u00fd koncept v\u00fdchovy s dlhoro\u010dnou trad\u00edciou, ktor\u00fd zmenil vz\u0165ahy a \u017eivot tis\u00edcok rod\u00edn po celom svete. Jedn\u00e1 sa o pr\u00edstup, ktor\u00fd sa zaober\u00e1 nielen v\u00fdchovn\u00fdmi probl\u00e9mami a sp\u00f4sobmi ich rie\u0161enia, ale najm\u00e4 budovan\u00edm vz\u0165ahu medzi rodi\u010dom a die\u0165a\u0165om.<\/p><p>Pr\u00e1ci s rodi\u010dmi a\u00a0de\u0165mi sa intenz\u00edvne venujem od r. 2010 najm\u00e4 prostredn\u00edctvom <strong>Kurzov efekt\u00edvneho rodi\u010dovstva<\/strong>, rodi\u010dovsk\u00fdch klubov, semin\u00e1rov a predn\u00e1\u0161ok na vybran\u00e9 v\u00fdchovn\u00e9 probl\u00e9my a individu\u00e1lnych konzult\u00e1ci\u00ed. U\u017e od viac ako 1500 \u013eud\u00ed \u2013 absolventov kurzov ER \u2013 evidujem referencie o pozit\u00edvnej zmene a preh\u013aben\u00ed vz\u0165ahu so svojimi de\u0165mi. So stovkami \u010fal\u0161\u00edch z\u00e1ujemcov som pracovala prostredn\u00edctvom \u0161pecializovan\u00fdch predn\u00e1\u0161ok a semin\u00e1rov zameran\u00fdch na vybran\u00e9 oblasti v\u00fdchovy.<\/p><p>V\u00a0roku 2020 som nap\u00edsala knihu:\u00a0<strong>Ako pre\u017ei\u0165 rodi\u010dovstvo, l\u00e1skav\u00fd sprievodca re\u0161pektuj\u00facim pr\u00edstupom<\/strong>. Je to prv\u00e1 kniha na slovenskom trhu o Efekt\u00edvnom rodi\u010dovstve,\u00a0<strong>presne \u0161it\u00e1 na mieru slovensk\u00fdm rodi\u010dom<\/strong>. Povzbudzujem ich, aby sa neb\u00e1li by\u0165 sami sebou, mali sa radi aj s chybami a nezab\u00fadali na ka\u017edodenn\u00e9 radosti.\u00a0<strong>Die\u0165a vn\u00edmam ako rovnocenn\u00e9ho partnera vo v\u00fdchove.<\/strong>\u00a0Vysvet\u013eujem, ako nadviaza\u0165 vz\u00e1jomn\u00e9 spojenie a pomocou spolupr\u00e1ce zvl\u00e1dnu\u0165 aj n\u00e1ro\u010dn\u00e9 situ\u00e1cie. Kniha pon\u00faka mno\u017estvo pr\u00edkladov dobrej praxe, praktick\u00fdch tipov a upozornen\u00ed, na \u010do si da\u0165 pozor pri rie\u0161en\u00ed ka\u017edodenn\u00fdch rodi\u010dovsk\u00fdch v\u00fdziev.<\/p><p>Absolvovala som akreditovan\u00fd v\u00fdcvik pre vedenie Kurzov efekt\u00edvneho rodi\u010dovstva v Brne (Centrum pro rodinu a soci\u00e1ln\u00ed p\u00e9\u010di, 2009) a n\u00e1sledne aj \u010fal\u0161ie workshopy, kurzy \u010di semin\u00e1re (Nen\u00e1siln\u00e1 komunik\u00e1cia, Adlerovsk\u00e1 p\u00e1rov\u00e1 psychoterapia, Skupinov\u00e1 dynamika, Rodi\u010dovstvo a psychologick\u00e9 poradenstvo, Adlerovsk\u00fd pr\u00edstup v \u0161kolskom poradenstve a mno\u017estvo \u010fal\u0161\u00edch). Poch\u00e1dzam z Bratislavy, som man\u017eelka a mama dvoch det\u00ed (20, 23). Ukon\u010dila som Pr\u00edrodovedeck\u00fa fakultu Univerzity Komensk\u00e9ho (1990). Po\u010das svojej profesion\u00e1lnej praxe som riadila a mana\u017eovala vzdel\u00e1vacie programy (Academia Istropolitana), robila konzultantku a projektov\u00fa koordin\u00e1torku pre r\u00f4zne n\u00e1rodn\u00e9 a medzin\u00e1rodn\u00e9\u00a0 projekty tr\u00e9ningov a vzdel\u00e1vania (ETP Slovensko, University of Minnesota a in\u00e9).<\/p><p>Rodi\u010dovstvo vn\u00edmam ako cestu. T\u00e1to so sebou prin\u00e1\u0161a pocity ve\u013ekej radosti a naplnenia, ale aj frustr\u00e1cie a\u00a0vy\u010derpania. <strong>Som rada, \u017ee m\u00f4\u017eem pon\u00faknu\u0165 pomocn\u00fa ruku.<\/strong><\/p>\t\t\t\t\t<\/div>\n\t\t\t\t\t\t<\/div>\n\t\t\t\t<\/div>\n\t\t\t\t<div class=\"elementor-element elementor-element-6d41148 elementor-align-center elementor-widget elementor-widget-button\" data-id=\"6d41148\" data-element_type=\"widget\" data-widget_type=\"button.default\">\n\t\t\t\t<div class=\"elementor-widget-container\">\n\t\t\t\t\t<div class=\"elementor-button-wrapper\">\n\t\t\t<a href=\"https:\/\/efektivne-rodicovstvo.sk\/skusenosti-rodicov\/\" target=\"_blank\" rel=\"nofollow\" class=\"elementor-button-link elementor-button elementor-size-sm\" role=\"button\">\n\t\t\t\t\t\t<span class=\"elementor-button-content-wrapper\">\n\t\t\t\t\t\t<span class=\"elementor-button-text\">Sk\u00fasenosti rodi\u010dov<\/span>\n\t\t<\/span>\n\t\t\t\t\t<\/a>\n\t\t<\/div>\n\t\t\t\t<\/div>\n\t\t\t\t<\/div>\n\t\t\t\t\t\t<\/div>\n\t\t\t\t\t<\/div>\n\t\t<\/div>\n\t\t\t\t\t\t\t\t<\/div>\n\t\t\t\t\t<\/div>\n\t\t<\/section>\n\t\t\t\t\t\t<\/div>\n\t\t\t\t\t\t<\/div>\n\t\t\t\t\t<\/div>\n\t\t","protected":false},"excerpt":{"rendered":"<p>Nie\u010do o mne RNDr. Martina Vaga\u010dov\u00e1, rodi\u010dovsk\u00e1 a v\u00fdchovn\u00e1 poradky\u0148a Som rodi\u010dovsk\u00e1 a v\u00fdchovn\u00e1 poradky\u0148a, a u\u017e viac ako 10 rokov sa venujem rodi\u010dom, vychov\u00e1vate\u013eom a pedag\u00f3gom. Vytv\u00e1ram priestor a pr\u00edle\u017eitosti pre u\u010denie, zdie\u013eanie a praktick\u00fd rozvoj postojov a zru\u010dnost\u00ed potrebn\u00fdch pre harmonick\u00fd vz\u0165ah dospel\u00e9ho a die\u0165a\u0165a.\u00a0 Vych\u00e1dzam z adlerovsk\u00fdch princ\u00edpov individu\u00e1lnej psychol\u00f3gie, konkr\u00e9tne cez [&hellip;]<\/p>\n","protected":false},"author":1,"featured_media":0,"parent":0,"menu_order":0,"comment_status":"closed","ping_status":"closed","template":"","meta":{"_uag_custom_page_level_css":"","_monsterinsights_skip_tracking":false,"_monsterinsights_sitenote_active":false,"_monsterinsights_sitenote_note":"","_monsterinsights_sitenote_category":0,"site-sidebar-layout":"no-sidebar","site-content-layout":"page-builder","ast-site-content-layout":"default","site-content-style":"default","site-sidebar-style":"default","ast-global-header-display":"","ast-banner-title-visibility":"","ast-main-header-display":"","ast-hfb-above-header-display":"","ast-hfb-below-header-display":"","ast-hfb-mobile-header-display":"","site-post-title":"disabled","ast-breadcrumbs-content":"","ast-featured-img":"disabled","footer-sml-layout":"","ast-disable-related-posts":"","theme-transparent-header-meta":"default","adv-header-id-meta":"","stick-header-meta":"","header-above-stick-meta":"","header-main-stick-meta":"","header-below-stick-meta":"","astra-migrate-meta-layouts":"default","ast-page-background-enabled":"default","ast-page-background-meta":{"desktop":{"background-color":"var(--ast-global-color-4)","background-image":"","background-repeat":"repeat","background-position":"center center","background-size":"auto","background-attachment":"scroll","background-type":"","background-media":"","overlay-type":"","overlay-color":"","overlay-opacity":"","overlay-gradient":""},"tablet":{"background-color":"","background-image":"","background-repeat":"repeat","background-position":"center center","background-size":"auto","background-attachment":"scroll","background-type":"","background-media":"","overlay-type":"","overlay-color":"","overlay-opacity":"","overlay-gradient":""},"mobile":{"background-color":"","background-image":"","background-repeat":"repeat","background-position":"center center","background-size":"auto","background-attachment":"scroll","background-type":"","background-media":"","overlay-type":"","overlay-color":"","overlay-opacity":"","overlay-gradient":""}},"ast-content-background-meta":{"desktop":{"background-color":"var(--ast-global-color-5)","background-image":"","background-repeat":"repeat","background-position":"center center","background-size":"auto","background-attachment":"scroll","background-type":"","background-media":"","overlay-type":"","overlay-color":"","overlay-opacity":"","overlay-gradient":""},"tablet":{"background-color":"var(--ast-global-color-5)","background-image":"","background-repeat":"repeat","background-position":"center center","background-size":"auto","background-attachment":"scroll","background-type":"","background-media":"","overlay-type":"","overlay-color":"","overlay-opacity":"","overlay-gradient":""},"mobile":{"background-color":"var(--ast-global-color-5)","background-image":"","background-repeat":"repeat","background-position":"center center","background-size":"auto","background-attachment":"scroll","background-type":"","background-media":"","overlay-type":"","overlay-color":"","overlay-opacity":"","overlay-gradient":""}},"footnotes":""},"class_list":["post-621","page","type-page","status-publish","hentry"],"yoast_head":"<!-- This site is optimized with the Yoast SEO plugin v27.4 - https:\/\/yoast.com\/product\/yoast-seo-wordpress\/ -->\n<title>Martina Vaga\u010dov\u00e1 rodi\u010dovsk\u00e1 a v\u00fdchovn\u00e1 poradky\u0148a<\/title>\n<meta name=\"description\" content=\"Venujem sa individu\u00e1lnej psychol\u00f3gii, poradenstvu a vzdel\u00e1vaniu vo v\u00fdchove. Som autorka knihy o v\u00fdchove: Ako pre\u017ei\u017e rodi\u010dovstvo - l\u00e1skav\u00fd sprievodca re\u0161pektuj\u00facim pr\u00edstupom.\" \/>\n<meta name=\"robots\" content=\"index, follow, max-snippet:-1, max-image-preview:large, max-video-preview:-1\" \/>\n<link rel=\"canonical\" href=\"https:\/\/martina.vagacova.sk\/?page_id=621\" \/>\n<meta property=\"og:locale\" content=\"sk_SK\" \/>\n<meta property=\"og:type\" content=\"article\" \/>\n<meta property=\"og:title\" content=\"Martina Vaga\u010dov\u00e1 rodi\u010dovsk\u00e1 a v\u00fdchovn\u00e1 poradky\u0148a\" \/>\n<meta property=\"og:description\" content=\"Venujem sa individu\u00e1lnej psychol\u00f3gii, poradenstvu a vzdel\u00e1vaniu vo v\u00fdchove. Som autorka knihy o v\u00fdchove: Ako pre\u017ei\u017e rodi\u010dovstvo - l\u00e1skav\u00fd sprievodca re\u0161pektuj\u00facim pr\u00edstupom.\" \/>\n<meta property=\"og:url\" content=\"https:\/\/martina.vagacova.sk\/?page_id=621\" \/>\n<meta property=\"og:site_name\" content=\"Martina Vaga\u010dov\u00e1\" \/>\n<meta property=\"article:modified_time\" content=\"2023-02-01T20:42:58+00:00\" \/>\n<meta property=\"og:image\" content=\"https:\/\/martina.vagacova.sk\/wp-content\/uploads\/2019\/11\/IMG_2147U-683x1024.jpg\" \/>\n<meta name=\"twitter:card\" content=\"summary_large_image\" \/>\n<meta name=\"twitter:label1\" content=\"Predpokladan\u00fd \u010das \u010d\u00edtania\" \/>\n\t<meta name=\"twitter:data1\" content=\"2 min\u00faty\" \/>\n<script type=\"application\/ld+json\" class=\"yoast-schema-graph\">{\"@context\":\"https:\\\/\\\/schema.org\",\"@graph\":[{\"@type\":\"WebPage\",\"@id\":\"https:\\\/\\\/martina.vagacova.sk\\\/?page_id=621\",\"url\":\"https:\\\/\\\/martina.vagacova.sk\\\/?page_id=621\",\"name\":\"Martina Vaga\u010dov\u00e1 rodi\u010dovsk\u00e1 a v\u00fdchovn\u00e1 poradky\u0148a\",\"isPartOf\":{\"@id\":\"https:\\\/\\\/martina.vagacova.sk\\\/#website\"},\"primaryImageOfPage\":{\"@id\":\"https:\\\/\\\/martina.vagacova.sk\\\/?page_id=621#primaryimage\"},\"image\":{\"@id\":\"https:\\\/\\\/martina.vagacova.sk\\\/?page_id=621#primaryimage\"},\"thumbnailUrl\":\"https:\\\/\\\/martina.vagacova.sk\\\/wp-content\\\/uploads\\\/2019\\\/11\\\/IMG_2147U-683x1024.jpg\",\"datePublished\":\"2019-04-17T10:04:40+00:00\",\"dateModified\":\"2023-02-01T20:42:58+00:00\",\"description\":\"Venujem sa individu\u00e1lnej psychol\u00f3gii, poradenstvu a vzdel\u00e1vaniu vo v\u00fdchove. Som autorka knihy o v\u00fdchove: Ako pre\u017ei\u017e rodi\u010dovstvo - l\u00e1skav\u00fd sprievodca re\u0161pektuj\u00facim pr\u00edstupom.\",\"breadcrumb\":{\"@id\":\"https:\\\/\\\/martina.vagacova.sk\\\/?page_id=621#breadcrumb\"},\"inLanguage\":\"sk-SK\",\"potentialAction\":[{\"@type\":\"ReadAction\",\"target\":[\"https:\\\/\\\/martina.vagacova.sk\\\/?page_id=621\"]}]},{\"@type\":\"ImageObject\",\"inLanguage\":\"sk-SK\",\"@id\":\"https:\\\/\\\/martina.vagacova.sk\\\/?page_id=621#primaryimage\",\"url\":\"https:\\\/\\\/martina.vagacova.sk\\\/wp-content\\\/uploads\\\/2019\\\/11\\\/IMG_2147U.jpg\",\"contentUrl\":\"https:\\\/\\\/martina.vagacova.sk\\\/wp-content\\\/uploads\\\/2019\\\/11\\\/IMG_2147U.jpg\",\"width\":683,\"height\":1024},{\"@type\":\"BreadcrumbList\",\"@id\":\"https:\\\/\\\/martina.vagacova.sk\\\/?page_id=621#breadcrumb\",\"itemListElement\":[{\"@type\":\"ListItem\",\"position\":1,\"name\":\"Home\",\"item\":\"https:\\\/\\\/martina.vagacova.sk\\\/\"},{\"@type\":\"ListItem\",\"position\":2,\"name\":\"O mne\"}]},{\"@type\":\"WebSite\",\"@id\":\"https:\\\/\\\/martina.vagacova.sk\\\/#website\",\"url\":\"https:\\\/\\\/martina.vagacova.sk\\\/\",\"name\":\"Martina Vaga\u010dov\u00e1\",\"description\":\"rodi\u010dovsk\u00e9 poradenstvo\",\"publisher\":{\"@id\":\"https:\\\/\\\/martina.vagacova.sk\\\/#organization\"},\"potentialAction\":[{\"@type\":\"SearchAction\",\"target\":{\"@type\":\"EntryPoint\",\"urlTemplate\":\"https:\\\/\\\/martina.vagacova.sk\\\/?s={search_term_string}\"},\"query-input\":{\"@type\":\"PropertyValueSpecification\",\"valueRequired\":true,\"valueName\":\"search_term_string\"}}],\"inLanguage\":\"sk-SK\"},{\"@type\":\"Organization\",\"@id\":\"https:\\\/\\\/martina.vagacova.sk\\\/#organization\",\"name\":\"Martina Vaga\u010dov\u00e1\",\"url\":\"https:\\\/\\\/martina.vagacova.sk\\\/\",\"logo\":{\"@type\":\"ImageObject\",\"inLanguage\":\"sk-SK\",\"@id\":\"https:\\\/\\\/martina.vagacova.sk\\\/#\\\/schema\\\/logo\\\/image\\\/\",\"url\":\"https:\\\/\\\/martina.vagacova.sk\\\/wp-content\\\/uploads\\\/2019\\\/12\\\/cropped-Dom\u010dek-so-srdcom-1.jpg\",\"contentUrl\":\"https:\\\/\\\/martina.vagacova.sk\\\/wp-content\\\/uploads\\\/2019\\\/12\\\/cropped-Dom\u010dek-so-srdcom-1.jpg\",\"width\":211,\"height\":185,\"caption\":\"Martina Vaga\u010dov\u00e1\"},\"image\":{\"@id\":\"https:\\\/\\\/martina.vagacova.sk\\\/#\\\/schema\\\/logo\\\/image\\\/\"}}]}<\/script>\n<!-- \/ Yoast SEO plugin. -->","yoast_head_json":{"title":"Martina Vaga\u010dov\u00e1 rodi\u010dovsk\u00e1 a v\u00fdchovn\u00e1 poradky\u0148a","description":"Venujem sa individu\u00e1lnej psychol\u00f3gii, poradenstvu a vzdel\u00e1vaniu vo v\u00fdchove. Som autorka knihy o v\u00fdchove: Ako pre\u017ei\u017e rodi\u010dovstvo - l\u00e1skav\u00fd sprievodca re\u0161pektuj\u00facim pr\u00edstupom.","robots":{"index":"index","follow":"follow","max-snippet":"max-snippet:-1","max-image-preview":"max-image-preview:large","max-video-preview":"max-video-preview:-1"},"canonical":"https:\/\/martina.vagacova.sk\/?page_id=621","og_locale":"sk_SK","og_type":"article","og_title":"Martina Vaga\u010dov\u00e1 rodi\u010dovsk\u00e1 a v\u00fdchovn\u00e1 poradky\u0148a","og_description":"Venujem sa individu\u00e1lnej psychol\u00f3gii, poradenstvu a vzdel\u00e1vaniu vo v\u00fdchove. Som autorka knihy o v\u00fdchove: Ako pre\u017ei\u017e rodi\u010dovstvo - l\u00e1skav\u00fd sprievodca re\u0161pektuj\u00facim pr\u00edstupom.","og_url":"https:\/\/martina.vagacova.sk\/?page_id=621","og_site_name":"Martina Vaga\u010dov\u00e1","article_modified_time":"2023-02-01T20:42:58+00:00","og_image":[{"url":"https:\/\/martina.vagacova.sk\/wp-content\/uploads\/2019\/11\/IMG_2147U-683x1024.jpg","type":"","width":"","height":""}],"twitter_card":"summary_large_image","twitter_misc":{"Predpokladan\u00fd \u010das \u010d\u00edtania":"2 min\u00faty"},"schema":{"@context":"https:\/\/schema.org","@graph":[{"@type":"WebPage","@id":"https:\/\/martina.vagacova.sk\/?page_id=621","url":"https:\/\/martina.vagacova.sk\/?page_id=621","name":"Martina Vaga\u010dov\u00e1 rodi\u010dovsk\u00e1 a v\u00fdchovn\u00e1 poradky\u0148a","isPartOf":{"@id":"https:\/\/martina.vagacova.sk\/#website"},"primaryImageOfPage":{"@id":"https:\/\/martina.vagacova.sk\/?page_id=621#primaryimage"},"image":{"@id":"https:\/\/martina.vagacova.sk\/?page_id=621#primaryimage"},"thumbnailUrl":"https:\/\/martina.vagacova.sk\/wp-content\/uploads\/2019\/11\/IMG_2147U-683x1024.jpg","datePublished":"2019-04-17T10:04:40+00:00","dateModified":"2023-02-01T20:42:58+00:00","description":"Venujem sa individu\u00e1lnej psychol\u00f3gii, poradenstvu a vzdel\u00e1vaniu vo v\u00fdchove. Som autorka knihy o v\u00fdchove: Ako pre\u017ei\u017e rodi\u010dovstvo - l\u00e1skav\u00fd sprievodca re\u0161pektuj\u00facim pr\u00edstupom.","breadcrumb":{"@id":"https:\/\/martina.vagacova.sk\/?page_id=621#breadcrumb"},"inLanguage":"sk-SK","potentialAction":[{"@type":"ReadAction","target":["https:\/\/martina.vagacova.sk\/?page_id=621"]}]},{"@type":"ImageObject","inLanguage":"sk-SK","@id":"https:\/\/martina.vagacova.sk\/?page_id=621#primaryimage","url":"https:\/\/martina.vagacova.sk\/wp-content\/uploads\/2019\/11\/IMG_2147U.jpg","contentUrl":"https:\/\/martina.vagacova.sk\/wp-content\/uploads\/2019\/11\/IMG_2147U.jpg","width":683,"height":1024},{"@type":"BreadcrumbList","@id":"https:\/\/martina.vagacova.sk\/?page_id=621#breadcrumb","itemListElement":[{"@type":"ListItem","position":1,"name":"Home","item":"https:\/\/martina.vagacova.sk\/"},{"@type":"ListItem","position":2,"name":"O mne"}]},{"@type":"WebSite","@id":"https:\/\/martina.vagacova.sk\/#website","url":"https:\/\/martina.vagacova.sk\/","name":"Martina Vaga\u010dov\u00e1","description":"rodi\u010dovsk\u00e9 poradenstvo","publisher":{"@id":"https:\/\/martina.vagacova.sk\/#organization"},"potentialAction":[{"@type":"SearchAction","target":{"@type":"EntryPoint","urlTemplate":"https:\/\/martina.vagacova.sk\/?s={search_term_string}"},"query-input":{"@type":"PropertyValueSpecification","valueRequired":true,"valueName":"search_term_string"}}],"inLanguage":"sk-SK"},{"@type":"Organization","@id":"https:\/\/martina.vagacova.sk\/#organization","name":"Martina Vaga\u010dov\u00e1","url":"https:\/\/martina.vagacova.sk\/","logo":{"@type":"ImageObject","inLanguage":"sk-SK","@id":"https:\/\/martina.vagacova.sk\/#\/schema\/logo\/image\/","url":"https:\/\/martina.vagacova.sk\/wp-content\/uploads\/2019\/12\/cropped-Dom\u010dek-so-srdcom-1.jpg","contentUrl":"https:\/\/martina.vagacova.sk\/wp-content\/uploads\/2019\/12\/cropped-Dom\u010dek-so-srdcom-1.jpg","width":211,"height":185,"caption":"Martina Vaga\u010dov\u00e1"},"image":{"@id":"https:\/\/martina.vagacova.sk\/#\/schema\/logo\/image\/"}}]}},"uagb_featured_image_src":{"full":false,"thumbnail":false,"medium":false,"medium_large":false,"large":false,"1536x1536":false,"2048x2048":false,"woocommerce_thumbnail":false,"woocommerce_single":false,"woocommerce_gallery_thumbnail":false},"uagb_author_info":{"display_name":"mato","author_link":"https:\/\/martina.vagacova.sk\/?author=1"},"uagb_comment_info":0,"uagb_excerpt":"Nie\u010do o mne RNDr. Martina Vaga\u010dov\u00e1, rodi\u010dovsk\u00e1 a v\u00fdchovn\u00e1 poradky\u0148a Som rodi\u010dovsk\u00e1 a v\u00fdchovn\u00e1 poradky\u0148a, a u\u017e viac ako 10 rokov sa venujem rodi\u010dom, vychov\u00e1vate\u013eom a pedag\u00f3gom. Vytv\u00e1ram priestor a pr\u00edle\u017eitosti pre u\u010denie, zdie\u013eanie a praktick\u00fd rozvoj postojov a zru\u010dnost\u00ed potrebn\u00fdch pre harmonick\u00fd vz\u0165ah dospel\u00e9ho a die\u0165a\u0165a.\u00a0 Vych\u00e1dzam z adlerovsk\u00fdch princ\u00edpov individu\u00e1lnej psychol\u00f3gie, konkr\u00e9tne cez&hellip;","_links":{"self":[{"href":"https:\/\/martina.vagacova.sk\/index.php?rest_route=\/wp\/v2\/pages\/621","targetHints":{"allow":["GET"]}}],"collection":[{"href":"https:\/\/martina.vagacova.sk\/index.php?rest_route=\/wp\/v2\/pages"}],"about":[{"href":"https:\/\/martina.vagacova.sk\/index.php?rest_route=\/wp\/v2\/types\/page"}],"author":[{"embeddable":true,"href":"https:\/\/martina.vagacova.sk\/index.php?rest_route=\/wp\/v2\/users\/1"}],"replies":[{"embeddable":true,"href":"https:\/\/martina.vagacova.sk\/index.php?rest_route=%2Fwp%2Fv2%2Fcomments&post=621"}],"version-history":[{"count":6,"href":"https:\/\/martina.vagacova.sk\/index.php?rest_route=\/wp\/v2\/pages\/621\/revisions"}],"predecessor-version":[{"id":1397,"href":"https:\/\/martina.vagacova.sk\/index.php?rest_route=\/wp\/v2\/pages\/621\/revisions\/1397"}],"wp:attachment":[{"href":"https:\/\/martina.vagacova.sk\/index.php?rest_route=%2Fwp%2Fv2%2Fmedia&parent=621"}],"curies":[{"name":"wp","href":"https:\/\/api.w.org\/{rel}","templated":true}]}}