{"id":1122,"date":"2020-09-12T19:30:45","date_gmt":"2020-09-12T17:30:45","guid":{"rendered":"https:\/\/martina.vagacova.sk\/?page_id=1122"},"modified":"2020-09-12T19:34:07","modified_gmt":"2020-09-12T17:34:07","slug":"milan-hejny","status":"publish","type":"page","link":"https:\/\/martina.vagacova.sk\/?page_id=1122","title":{"rendered":"Milan Hejn\u00fd"},"content":{"rendered":"\t\t<div data-elementor-type=\"wp-page\" data-elementor-id=\"1122\" class=\"elementor elementor-1122\" data-elementor-settings=\"[]\">\n\t\t\t\t\t\t<div class=\"elementor-inner\">\n\t\t\t\t\t\t\t<div class=\"elementor-section-wrap\">\n\t\t\t\t\t\t\t<section class=\"elementor-section elementor-top-section elementor-element elementor-element-412b779 elementor-section-boxed elementor-section-height-default elementor-section-height-default\" data-id=\"412b779\" data-element_type=\"section\">\n\t\t\t\t\t\t<div class=\"elementor-container elementor-column-gap-default\">\n\t\t\t\t\t\t\t<div class=\"elementor-row\">\n\t\t\t\t\t<div class=\"elementor-column elementor-col-100 elementor-top-column elementor-element elementor-element-18c81f5\" data-id=\"18c81f5\" data-element_type=\"column\">\n\t\t\t<div class=\"elementor-column-wrap elementor-element-populated\">\n\t\t\t\t\t\t\t<div class=\"elementor-widget-wrap\">\n\t\t\t\t\t\t<div class=\"elementor-element elementor-element-9a50859 elementor-widget elementor-widget-image\" data-id=\"9a50859\" data-element_type=\"widget\" data-widget_type=\"image.default\">\n\t\t\t\t<div class=\"elementor-widget-container\">\n\t\t\t\t\t\t\t\t<div class=\"elementor-image\">\n\t\t\t\t\t\t\t\t\t\t\t\t<img loading=\"lazy\" decoding=\"async\" width=\"690\" height=\"546\" src=\"https:\/\/martina.vagacova.sk\/wp-content\/uploads\/2020\/09\/milan-hejn\u00fd-sou\u010dasn\u00fd-portr\u00e9t.jpg\" class=\"attachment-large size-large\" alt=\"\" srcset=\"https:\/\/martina.vagacova.sk\/wp-content\/uploads\/2020\/09\/milan-hejn\u00fd-sou\u010dasn\u00fd-portr\u00e9t.jpg 690w, https:\/\/martina.vagacova.sk\/wp-content\/uploads\/2020\/09\/milan-hejn\u00fd-sou\u010dasn\u00fd-portr\u00e9t-300x237.jpg 300w, https:\/\/martina.vagacova.sk\/wp-content\/uploads\/2020\/09\/milan-hejn\u00fd-sou\u010dasn\u00fd-portr\u00e9t-600x475.jpg 600w\" sizes=\"auto, (max-width: 690px) 100vw, 690px\" \/>\t\t\t\t\t\t\t\t\t\t\t\t\t\t<\/div>\n\t\t\t\t\t\t<\/div>\n\t\t\t\t<\/div>\n\t\t\t\t<div class=\"elementor-element elementor-element-1093e69 elementor-widget elementor-widget-heading\" data-id=\"1093e69\" data-element_type=\"widget\" data-widget_type=\"heading.default\">\n\t\t\t\t<div class=\"elementor-widget-container\">\n\t\t\t<h2 class=\"elementor-heading-title elementor-size-default\">Prof. RNDr. Milan Hejn\u00fd, CSc., matematik a pedag\u00f3g<\/h2>\t\t<\/div>\n\t\t\t\t<\/div>\n\t\t\t\t<div class=\"elementor-element elementor-element-0dc9211 elementor-widget elementor-widget-text-editor\" data-id=\"0dc9211\" data-element_type=\"widget\" data-widget_type=\"text-editor.default\">\n\t\t\t\t<div class=\"elementor-widget-container\">\n\t\t\t\t\t\t\t\t<div class=\"elementor-text-editor elementor-clearfix\">\n\t\t\t\t\t<p style=\"text-align: center;\"><span style=\"font-size: 14pt;\"><strong>Predhovor<\/strong><\/span><\/p><p style=\"text-align: center;\"><span style=\"font-size: 14pt;\">Zmeny s\u00fa\u010dasn\u00e9ho hmotn\u00e9ho sveta s\u00fa prekotn\u00e9. Pred \u0161tyrmi rokmi mi vnuk nain\u0161taloval do\u00a0 po\u010d\u00edta\u010da novinky, ktor\u00e9 dnes u\u017e nefunguj\u00fa, s\u00fa zastaran\u00e9. Av\u0161ak Shakespeare je i po \u0161tyristo rokoch aktu\u00e1lny. L\u00e1ska, nen\u00e1vis\u0165, rados\u0165, sm\u00fatok, \u017eiarlivos\u0165, z\u00e1vis\u0165 \u010di \u017ei\u010dlivos\u0165, na ktor\u00fdch stoja jeho hry, pretrvali. Zmena postojov je ve\u013emi pomal\u00e1. Pomal\u00e1 aj tam, kde sa st\u00e1va pre svet nebezpe\u010dn\u00e1. Vo v\u00fdchove. Vyspel\u00e1 technol\u00f3gia v ruk\u00e1ch dikt\u00e1torov typu Hitlera \u010di Stalina m\u00f4\u017ee zni\u010di\u0165 svet. Jedin\u00e1 obrana proti tomu je nedopusti\u0165, aby si n\u00e1rod s\u00e1m volil do \u010dela tyrana, aby mu dal k dispoz\u00edcii dostatok pomocn\u00edkov na konanie zla a hr\u00f4z.<\/span><\/p><p style=\"text-align: center;\"><span style=\"font-size: 14pt;\">Treba n\u00e1m ob\u010danov sebavedom\u00fdch a prajn\u00fdch. Pr\u00e1ve tak\u00fdch by mala vychov\u00e1va\u0165 \u0161kola. Vzdel\u00e1vaciemu syst\u00e9mu sa to v\u0161ak nedar\u00ed, a preto v mnoh\u00fdch krajin\u00e1ch vznikaj\u00fa iniciat\u00edvy usiluj\u00face sa o n\u00e1pravu. Neust\u00e1le narast\u00e1 po\u010det rod\u00edn, ktor\u00e9 si vychov\u00e1vaj\u00fa deti doma (homeschooling), i \u0161k\u00f4l zameran\u00fdch na v\u00fdchovu auton\u00f3mnych \u013eud\u00ed.<\/span><\/p><p style=\"text-align: center;\"><span style=\"font-size: 14pt;\">Pravda, nie je to \u0161kola, \u010do najintenz\u00edvnej\u0161ie formuje \u010dloveka. Je to rodina. I tu, \u017eia\u013e, pretrv\u00e1vaj\u00fa povery a predsudky o tom, ako treba deti vychov\u00e1va\u0165. Potvrdzuje to zn\u00e1ma \u013eudov\u00e1 pou\u010dka: <em>Oh\u00fdbaj ma mamko, pokia\u013e som ja Janko.<\/em> Z\u00e1kladn\u00fd predsudok rodi\u010dovskej v\u00fdchovy spo\u010d\u00edva v istote rodi\u010da, \u017ee on vie lep\u0161ie ako die\u0165a, \u010do potrebuje jeho potomok.<\/span><\/p><p style=\"text-align: center;\"><span style=\"font-size: 14pt;\">Pekne to ilustruje pr\u00edbeh uveden\u00fd v tejto kni\u017eke. Mat\u00fa\u0161ko chce \u00eds\u0165 na \u0161myk\u013eavku, ale otec ho presvied\u010da, aby tr\u00e9noval na lezeckej stene. Hnev\u00e1 sa, \u017ee ho syn neposl\u00facha. Podobn\u00fd pr\u00edbeh som za\u017eil i ja. Otec si neuvedomuje, \u017ee synovu potrebu neriadi tvrdohlavos\u0165, ale genetick\u00fd k\u00f3d, ktor\u00fd do neho vlo\u017eila pr\u00edroda. A t\u00e1 je m\u00fadrej\u0161ia ako otec. Die\u0165a vie, \u010do sa m\u00e1 kedy nau\u010di\u0165. Filozof Francis Bacon to pochopil u\u017e v 16. storo\u010d\u00ed: <em>Naturae enim non imperatur nisi parendo. <\/em><em>\u2013 <\/em>Pr\u00edrode nemo\u017eeme prik\u00e1za\u0165 inak, iba t\u00fdm, \u017ee ju posl\u00fachneme.<\/span><\/p><p style=\"text-align: center;\"><span style=\"font-size: 14pt;\">S rados\u0165ou pozorujem, ako v poslednej dobe narast\u00e1 nielen u n\u00e1s, ale aj v mnoh\u00fdch krajin\u00e1ch sveta potreba rodi\u010dov opusti\u0165 pri v\u00fdchove tradi\u010dn\u00e9 vzorce mocensk\u00e9ho spr\u00e1vania a h\u013eada\u0165 \u00fa\u010dinnej\u0161ie met\u00f3dy. Rozrastaj\u00fa sa i mo\u017enosti poradenskej slu\u017eby, ktor\u00e1 vych\u00e1dza potreb\u00e1m rodi\u010dov v \u00fastrety. K tejto iniciat\u00edve patr\u00ed aj kni\u017eka, ktor\u00fa dr\u017e\u00edte v ruk\u00e1ch.\u00a0\u00a0<\/span><\/p><p style=\"text-align: center;\"><span style=\"font-size: 14pt;\">Autorka Martina Vaga\u010dov\u00e1 je \u00faspe\u0161n\u00e1 poradky\u0148a rodi\u010dov, vych\u00e1dzaj\u00faca nielen z teoretick\u00e9ho \u0161t\u00fadia, ale predov\u0161etk\u00fdm z mnohoro\u010dn\u00fdch vlastn\u00fdch sk\u00fasenost\u00ed. Pr\u00e1ve tie prestupuj\u00fa cel\u00fdm textom vo forme pr\u00edbehov a pom\u00e1haj\u00fa \u010dasto bezradn\u00fdm rodi\u010dom rie\u0161i\u0165 zlo\u017eit\u00e9 v\u00fdchovn\u00e9 probl\u00e9my. Za najv\u00e4\u010d\u0161iu dev\u00edzu kni\u017eky pova\u017eujem autorkine z\u00e1kladn\u00e9 presved\u010denie, ktor\u00e9 je toto\u017en\u00e9 s presved\u010den\u00edm moj\u00edm, zdeden\u00fdm po otcovi. Rodi\u010d m\u00f4\u017ee \u00faspe\u0161ne rie\u0161i\u0165 probl\u00e9my s de\u0165mi iba vtedy, ak opust\u00ed predsudok o \u201ehl\u00fapom die\u0165ati\u201c a bude re\u0161pektova\u0165 jeho somatick\u00fa, citov\u00fa i soci\u00e1lnu auton\u00f3miu.<\/span><\/p><p style=\"text-align: center;\"><span style=\"font-size: 14pt;\">Kni\u017eku je mo\u017en\u00e9 \u010d\u00edta\u0165 od \u00favodu po z\u00e1ver, ale je ve\u013emi pravdepodobn\u00e9, \u017ee sa \u010ditate\u013e bude k jednotliv\u00fdm \u010dastiam vraca\u0165, ke\u010f naraz\u00ed na probl\u00e9m, ktor\u00fd je v jeho rodine aktu\u00e1lny. Mo\u017eno mu rada autorky pom\u00f4\u017ee, ale mo\u017eno sa to nepodar\u00ed. Potom je na rodi\u010dovi, aby s\u00e1m h\u013eadal rie\u0161enia v duchu hodn\u00f4t, ktor\u00e9 mu pon\u00faka kni\u017eka. Uveden\u00e9 n\u00e1vody nem\u00f4\u017eu pokry\u0165 rozsiahlu oblas\u0165 probl\u00e9mov, ak\u00e9 \u017eivot prin\u00e1\u0161a. M\u00f4\u017eu v\u0161ak \u2013 a o to sa tie\u017e autorka usiluje \u2013 uk\u00e1za\u0165 smer, ktor\u00fdm sa m\u00e1 h\u013eadanie rodi\u010da ubera\u0165.<\/span><\/p><p style=\"text-align: center;\"><span style=\"font-size: 14pt;\">Rodi\u010d, ktor\u00fd vn\u00edma v\u00fdvoj svojho die\u0165a\u0165a, jeho \u00faspechy, nezdary i schopnos\u0165 prekon\u00e1va\u0165 prek\u00e1\u017eky, a z\u00e1rove\u0148 si uvedomuje svoje v\u00fdchovn\u00e9 po\u010d\u00ednanie, postupne z\u00edskava cenn\u00fd materi\u00e1l. Vlastn\u00e1 sk\u00fasenos\u0165 sa mu po \u010dase stane rovnakou v\u00fdchovnou pom\u00f4ckou, akou je t\u00e1to kni\u017eka.<\/span><\/p><p style=\"text-align: center;\"><span style=\"font-size: 14pt;\">Prajem jej \u00faspe\u0161n\u00fa cestu k rodin\u00e1m a ver\u00edm, \u017ee prispeje k zv\u00fd\u0161eniu kvality rodinn\u00e9ho \u017eivota svojich \u010ditate\u013eov.<\/span><\/p><p style=\"text-align: center;\"><span style=\"font-size: 14pt;\">Milan Hejn\u00fd 8. j\u00fala 2020<\/span><\/p>\t\t\t\t\t<\/div>\n\t\t\t\t\t\t<\/div>\n\t\t\t\t<\/div>\n\t\t\t\t\t\t<\/div>\n\t\t\t\t\t<\/div>\n\t\t<\/div>\n\t\t\t\t\t\t\t\t<\/div>\n\t\t\t\t\t<\/div>\n\t\t<\/section>\n\t\t\t\t\t\t<\/div>\n\t\t\t\t\t\t<\/div>\n\t\t\t\t\t<\/div>\n\t\t","protected":false},"excerpt":{"rendered":"<p>Prof. RNDr. Milan Hejn\u00fd, CSc., matematik a pedag\u00f3g Predhovor Zmeny s\u00fa\u010dasn\u00e9ho hmotn\u00e9ho sveta s\u00fa prekotn\u00e9. Pred \u0161tyrmi rokmi mi vnuk nain\u0161taloval do\u00a0 po\u010d\u00edta\u010da novinky, ktor\u00e9 dnes u\u017e nefunguj\u00fa, s\u00fa zastaran\u00e9. Av\u0161ak Shakespeare je i po \u0161tyristo rokoch aktu\u00e1lny. L\u00e1ska, nen\u00e1vis\u0165, rados\u0165, sm\u00fatok, \u017eiarlivos\u0165, z\u00e1vis\u0165 \u010di \u017ei\u010dlivos\u0165, na ktor\u00fdch stoja jeho hry, pretrvali. Zmena postojov je [&hellip;]<\/p>\n","protected":false},"author":1,"featured_media":0,"parent":0,"menu_order":0,"comment_status":"closed","ping_status":"closed","template":"","meta":{"_uag_custom_page_level_css":"","_monsterinsights_skip_tracking":false,"_monsterinsights_sitenote_active":false,"_monsterinsights_sitenote_note":"","_monsterinsights_sitenote_category":0,"site-sidebar-layout":"no-sidebar","site-content-layout":"page-builder","ast-site-content-layout":"default","site-content-style":"default","site-sidebar-style":"default","ast-global-header-display":"","ast-banner-title-visibility":"","ast-main-header-display":"","ast-hfb-above-header-display":"","ast-hfb-below-header-display":"","ast-hfb-mobile-header-display":"","site-post-title":"disabled","ast-breadcrumbs-content":"","ast-featured-img":"disabled","footer-sml-layout":"","ast-disable-related-posts":"","theme-transparent-header-meta":"","adv-header-id-meta":"","stick-header-meta":"","header-above-stick-meta":"","header-main-stick-meta":"","header-below-stick-meta":"","astra-migrate-meta-layouts":"default","ast-page-background-enabled":"default","ast-page-background-meta":{"desktop":{"background-color":"var(--ast-global-color-4)","background-image":"","background-repeat":"repeat","background-position":"center center","background-size":"auto","background-attachment":"scroll","background-type":"","background-media":"","overlay-type":"","overlay-color":"","overlay-opacity":"","overlay-gradient":""},"tablet":{"background-color":"","background-image":"","background-repeat":"repeat","background-position":"center center","background-size":"auto","background-attachment":"scroll","background-type":"","background-media":"","overlay-type":"","overlay-color":"","overlay-opacity":"","overlay-gradient":""},"mobile":{"background-color":"","background-image":"","background-repeat":"repeat","background-position":"center center","background-size":"auto","background-attachment":"scroll","background-type":"","background-media":"","overlay-type":"","overlay-color":"","overlay-opacity":"","overlay-gradient":""}},"ast-content-background-meta":{"desktop":{"background-color":"var(--ast-global-color-5)","background-image":"","background-repeat":"repeat","background-position":"center center","background-size":"auto","background-attachment":"scroll","background-type":"","background-media":"","overlay-type":"","overlay-color":"","overlay-opacity":"","overlay-gradient":""},"tablet":{"background-color":"var(--ast-global-color-5)","background-image":"","background-repeat":"repeat","background-position":"center center","background-size":"auto","background-attachment":"scroll","background-type":"","background-media":"","overlay-type":"","overlay-color":"","overlay-opacity":"","overlay-gradient":""},"mobile":{"background-color":"var(--ast-global-color-5)","background-image":"","background-repeat":"repeat","background-position":"center center","background-size":"auto","background-attachment":"scroll","background-type":"","background-media":"","overlay-type":"","overlay-color":"","overlay-opacity":"","overlay-gradient":""}},"footnotes":""},"class_list":["post-1122","page","type-page","status-publish","hentry"],"yoast_head":"<!-- This site is optimized with the Yoast SEO plugin v27.4 - https:\/\/yoast.com\/product\/yoast-seo-wordpress\/ -->\n<title>Milan Hejn\u00fd - Martina Vaga\u010dov\u00e1<\/title>\n<meta name=\"robots\" content=\"index, follow, max-snippet:-1, max-image-preview:large, max-video-preview:-1\" \/>\n<link rel=\"canonical\" href=\"https:\/\/martina.vagacova.sk\/?page_id=1122\" \/>\n<meta property=\"og:locale\" content=\"sk_SK\" \/>\n<meta property=\"og:type\" content=\"article\" \/>\n<meta property=\"og:title\" content=\"Milan Hejn\u00fd - Martina Vaga\u010dov\u00e1\" \/>\n<meta property=\"og:description\" content=\"Prof. RNDr. Milan Hejn\u00fd, CSc., matematik a pedag\u00f3g Predhovor Zmeny s\u00fa\u010dasn\u00e9ho hmotn\u00e9ho sveta s\u00fa prekotn\u00e9. Pred \u0161tyrmi rokmi mi vnuk nain\u0161taloval do\u00a0 po\u010d\u00edta\u010da novinky, ktor\u00e9 dnes u\u017e nefunguj\u00fa, s\u00fa zastaran\u00e9. Av\u0161ak Shakespeare je i po \u0161tyristo rokoch aktu\u00e1lny. L\u00e1ska, nen\u00e1vis\u0165, rados\u0165, sm\u00fatok, \u017eiarlivos\u0165, z\u00e1vis\u0165 \u010di \u017ei\u010dlivos\u0165, na ktor\u00fdch stoja jeho hry, pretrvali. Zmena postojov je [&hellip;]\" \/>\n<meta property=\"og:url\" content=\"https:\/\/martina.vagacova.sk\/?page_id=1122\" \/>\n<meta property=\"og:site_name\" content=\"Martina Vaga\u010dov\u00e1\" \/>\n<meta property=\"article:modified_time\" content=\"2020-09-12T17:34:07+00:00\" \/>\n<meta name=\"twitter:card\" content=\"summary_large_image\" \/>\n<meta name=\"twitter:label1\" content=\"Predpokladan\u00fd \u010das \u010d\u00edtania\" \/>\n\t<meta name=\"twitter:data1\" content=\"4 min\u00faty\" \/>\n<script type=\"application\/ld+json\" class=\"yoast-schema-graph\">{\"@context\":\"https:\\\/\\\/schema.org\",\"@graph\":[{\"@type\":\"WebPage\",\"@id\":\"https:\\\/\\\/martina.vagacova.sk\\\/?page_id=1122\",\"url\":\"https:\\\/\\\/martina.vagacova.sk\\\/?page_id=1122\",\"name\":\"Milan Hejn\u00fd - Martina Vaga\u010dov\u00e1\",\"isPartOf\":{\"@id\":\"https:\\\/\\\/martina.vagacova.sk\\\/#website\"},\"datePublished\":\"2020-09-12T17:30:45+00:00\",\"dateModified\":\"2020-09-12T17:34:07+00:00\",\"breadcrumb\":{\"@id\":\"https:\\\/\\\/martina.vagacova.sk\\\/?page_id=1122#breadcrumb\"},\"inLanguage\":\"sk-SK\",\"potentialAction\":[{\"@type\":\"ReadAction\",\"target\":[\"https:\\\/\\\/martina.vagacova.sk\\\/?page_id=1122\"]}]},{\"@type\":\"BreadcrumbList\",\"@id\":\"https:\\\/\\\/martina.vagacova.sk\\\/?page_id=1122#breadcrumb\",\"itemListElement\":[{\"@type\":\"ListItem\",\"position\":1,\"name\":\"Home\",\"item\":\"https:\\\/\\\/martina.vagacova.sk\\\/\"},{\"@type\":\"ListItem\",\"position\":2,\"name\":\"Milan Hejn\u00fd\"}]},{\"@type\":\"WebSite\",\"@id\":\"https:\\\/\\\/martina.vagacova.sk\\\/#website\",\"url\":\"https:\\\/\\\/martina.vagacova.sk\\\/\",\"name\":\"Martina Vaga\u010dov\u00e1\",\"description\":\"rodi\u010dovsk\u00e9 poradenstvo\",\"publisher\":{\"@id\":\"https:\\\/\\\/martina.vagacova.sk\\\/#organization\"},\"potentialAction\":[{\"@type\":\"SearchAction\",\"target\":{\"@type\":\"EntryPoint\",\"urlTemplate\":\"https:\\\/\\\/martina.vagacova.sk\\\/?s={search_term_string}\"},\"query-input\":{\"@type\":\"PropertyValueSpecification\",\"valueRequired\":true,\"valueName\":\"search_term_string\"}}],\"inLanguage\":\"sk-SK\"},{\"@type\":\"Organization\",\"@id\":\"https:\\\/\\\/martina.vagacova.sk\\\/#organization\",\"name\":\"Martina Vaga\u010dov\u00e1\",\"url\":\"https:\\\/\\\/martina.vagacova.sk\\\/\",\"logo\":{\"@type\":\"ImageObject\",\"inLanguage\":\"sk-SK\",\"@id\":\"https:\\\/\\\/martina.vagacova.sk\\\/#\\\/schema\\\/logo\\\/image\\\/\",\"url\":\"https:\\\/\\\/martina.vagacova.sk\\\/wp-content\\\/uploads\\\/2019\\\/12\\\/cropped-Dom\u010dek-so-srdcom-1.jpg\",\"contentUrl\":\"https:\\\/\\\/martina.vagacova.sk\\\/wp-content\\\/uploads\\\/2019\\\/12\\\/cropped-Dom\u010dek-so-srdcom-1.jpg\",\"width\":211,\"height\":185,\"caption\":\"Martina Vaga\u010dov\u00e1\"},\"image\":{\"@id\":\"https:\\\/\\\/martina.vagacova.sk\\\/#\\\/schema\\\/logo\\\/image\\\/\"}}]}<\/script>\n<!-- \/ Yoast SEO plugin. -->","yoast_head_json":{"title":"Milan Hejn\u00fd - Martina Vaga\u010dov\u00e1","robots":{"index":"index","follow":"follow","max-snippet":"max-snippet:-1","max-image-preview":"max-image-preview:large","max-video-preview":"max-video-preview:-1"},"canonical":"https:\/\/martina.vagacova.sk\/?page_id=1122","og_locale":"sk_SK","og_type":"article","og_title":"Milan Hejn\u00fd - Martina Vaga\u010dov\u00e1","og_description":"Prof. RNDr. Milan Hejn\u00fd, CSc., matematik a pedag\u00f3g Predhovor Zmeny s\u00fa\u010dasn\u00e9ho hmotn\u00e9ho sveta s\u00fa prekotn\u00e9. Pred \u0161tyrmi rokmi mi vnuk nain\u0161taloval do\u00a0 po\u010d\u00edta\u010da novinky, ktor\u00e9 dnes u\u017e nefunguj\u00fa, s\u00fa zastaran\u00e9. Av\u0161ak Shakespeare je i po \u0161tyristo rokoch aktu\u00e1lny. L\u00e1ska, nen\u00e1vis\u0165, rados\u0165, sm\u00fatok, \u017eiarlivos\u0165, z\u00e1vis\u0165 \u010di \u017ei\u010dlivos\u0165, na ktor\u00fdch stoja jeho hry, pretrvali. Zmena postojov je [&hellip;]","og_url":"https:\/\/martina.vagacova.sk\/?page_id=1122","og_site_name":"Martina Vaga\u010dov\u00e1","article_modified_time":"2020-09-12T17:34:07+00:00","twitter_card":"summary_large_image","twitter_misc":{"Predpokladan\u00fd \u010das \u010d\u00edtania":"4 min\u00faty"},"schema":{"@context":"https:\/\/schema.org","@graph":[{"@type":"WebPage","@id":"https:\/\/martina.vagacova.sk\/?page_id=1122","url":"https:\/\/martina.vagacova.sk\/?page_id=1122","name":"Milan Hejn\u00fd - Martina Vaga\u010dov\u00e1","isPartOf":{"@id":"https:\/\/martina.vagacova.sk\/#website"},"datePublished":"2020-09-12T17:30:45+00:00","dateModified":"2020-09-12T17:34:07+00:00","breadcrumb":{"@id":"https:\/\/martina.vagacova.sk\/?page_id=1122#breadcrumb"},"inLanguage":"sk-SK","potentialAction":[{"@type":"ReadAction","target":["https:\/\/martina.vagacova.sk\/?page_id=1122"]}]},{"@type":"BreadcrumbList","@id":"https:\/\/martina.vagacova.sk\/?page_id=1122#breadcrumb","itemListElement":[{"@type":"ListItem","position":1,"name":"Home","item":"https:\/\/martina.vagacova.sk\/"},{"@type":"ListItem","position":2,"name":"Milan Hejn\u00fd"}]},{"@type":"WebSite","@id":"https:\/\/martina.vagacova.sk\/#website","url":"https:\/\/martina.vagacova.sk\/","name":"Martina Vaga\u010dov\u00e1","description":"rodi\u010dovsk\u00e9 poradenstvo","publisher":{"@id":"https:\/\/martina.vagacova.sk\/#organization"},"potentialAction":[{"@type":"SearchAction","target":{"@type":"EntryPoint","urlTemplate":"https:\/\/martina.vagacova.sk\/?s={search_term_string}"},"query-input":{"@type":"PropertyValueSpecification","valueRequired":true,"valueName":"search_term_string"}}],"inLanguage":"sk-SK"},{"@type":"Organization","@id":"https:\/\/martina.vagacova.sk\/#organization","name":"Martina Vaga\u010dov\u00e1","url":"https:\/\/martina.vagacova.sk\/","logo":{"@type":"ImageObject","inLanguage":"sk-SK","@id":"https:\/\/martina.vagacova.sk\/#\/schema\/logo\/image\/","url":"https:\/\/martina.vagacova.sk\/wp-content\/uploads\/2019\/12\/cropped-Dom\u010dek-so-srdcom-1.jpg","contentUrl":"https:\/\/martina.vagacova.sk\/wp-content\/uploads\/2019\/12\/cropped-Dom\u010dek-so-srdcom-1.jpg","width":211,"height":185,"caption":"Martina Vaga\u010dov\u00e1"},"image":{"@id":"https:\/\/martina.vagacova.sk\/#\/schema\/logo\/image\/"}}]}},"uagb_featured_image_src":{"full":false,"thumbnail":false,"medium":false,"medium_large":false,"large":false,"1536x1536":false,"2048x2048":false,"woocommerce_thumbnail":false,"woocommerce_single":false,"woocommerce_gallery_thumbnail":false},"uagb_author_info":{"display_name":"mato","author_link":"https:\/\/martina.vagacova.sk\/?author=1"},"uagb_comment_info":0,"uagb_excerpt":"Prof. RNDr. Milan Hejn\u00fd, CSc., matematik a pedag\u00f3g Predhovor Zmeny s\u00fa\u010dasn\u00e9ho hmotn\u00e9ho sveta s\u00fa prekotn\u00e9. Pred \u0161tyrmi rokmi mi vnuk nain\u0161taloval do\u00a0 po\u010d\u00edta\u010da novinky, ktor\u00e9 dnes u\u017e nefunguj\u00fa, s\u00fa zastaran\u00e9. Av\u0161ak Shakespeare je i po \u0161tyristo rokoch aktu\u00e1lny. L\u00e1ska, nen\u00e1vis\u0165, rados\u0165, sm\u00fatok, \u017eiarlivos\u0165, z\u00e1vis\u0165 \u010di \u017ei\u010dlivos\u0165, na ktor\u00fdch stoja jeho hry, pretrvali. Zmena postojov je&hellip;","_links":{"self":[{"href":"https:\/\/martina.vagacova.sk\/index.php?rest_route=\/wp\/v2\/pages\/1122","targetHints":{"allow":["GET"]}}],"collection":[{"href":"https:\/\/martina.vagacova.sk\/index.php?rest_route=\/wp\/v2\/pages"}],"about":[{"href":"https:\/\/martina.vagacova.sk\/index.php?rest_route=\/wp\/v2\/types\/page"}],"author":[{"embeddable":true,"href":"https:\/\/martina.vagacova.sk\/index.php?rest_route=\/wp\/v2\/users\/1"}],"replies":[{"embeddable":true,"href":"https:\/\/martina.vagacova.sk\/index.php?rest_route=%2Fwp%2Fv2%2Fcomments&post=1122"}],"version-history":[{"count":3,"href":"https:\/\/martina.vagacova.sk\/index.php?rest_route=\/wp\/v2\/pages\/1122\/revisions"}],"predecessor-version":[{"id":1340,"href":"https:\/\/martina.vagacova.sk\/index.php?rest_route=\/wp\/v2\/pages\/1122\/revisions\/1340"}],"wp:attachment":[{"href":"https:\/\/martina.vagacova.sk\/index.php?rest_route=%2Fwp%2Fv2%2Fmedia&parent=1122"}],"curies":[{"name":"wp","href":"https:\/\/api.w.org\/{rel}","templated":true}]}}